 125*t + 352. Determine z(122).
-14
Let z(d) = 9*d**2 - 3317*d - 4699. Determine z(370).
111
Let u(h) = 30379*h - 91103. Calculate u(3).
34
Let w(z) = -39*z**2 + 116*z + 616. What is w(-6)?
-1484
Let p(c) = -565*c + 3904. What is p(7)?
-51
Let y(q) = q**3 + 47*q**2 - 20*q - 3. Give y(0).
-3
Let m(i) = 61*i + 1907. What is m(-11)?
1236
Let f(h) = -13*h**2 + 380*h - 1274. Calculate f(11).
1333
Let x(s) = -66*s**2 + 302*s - 157. Give x(4).
-5
Let n(i) = 2396079*i + 98239235. What is n(-41)?
-4
Let p(o) = -8*o**2 + 546*o + 2801. Give p(73).
27
Let p(i) = 13*i**2 - 24*i - 1432. Determine p(-19).
3717
Let y(d) = -d**3 + 1932*d**2 - 738*d + 1425810. What is y(1932)?
-6
Let y(d) = d**3 - 978*d**2 + 12461*d + 81055. Determine y(965).
-5
Let y(s) = -23374*s - 1145338. Calculate y(-49).
-12
Let l(x) = -3*x**2 + 605102*x - 6050725. Give l(10).
-5
Let n(a) = -a**3 - 14*a**2 + 29073*a + 349182. What is n(-12)?
18
Let m(g) = -22049*g - 330591. Calculate m(-15).
144
Let t(l) = l**3 - 56*l**2 + 667*l - 259. Give t(41).
1873
Let h(w) = 1993*w + 21172. Calculate h(-11).
-751
Let q(d) = -36026*d - 144117. Calculate q(-4).
-13
Let c(z) = -6*z**2 + 1220*z + 20752. Determine c(-16).
-304
Let v(t) = t**2 + 20138*t - 3636740. Calculate v(179).
3
Let d(c) = 86075*c - 688610. Give d(8).
-10
Let t(f) = -95*f - 6017. Give t(-62).
-127
Let t(l) = -l**3 - 11*l**2 + 36*l + 111. Give t(-13).
-19
Let f(k) = -4*k**2 - 470*k + 474084. Calculate f(-408).
-12
Let g(j) = 247758*j - 23784779. Determine g(96).
-11
Let b(q) = 23*q**2 - 46*q - 489. Give b(-4).
63
Let x(q) = -9*q**2 + 879*q - 2322. Calculate x(95).
-42
Let w(c) = -303*c + 6375. Calculate w(20).
315
Let w(p) = 53*p**2 - 1685*p + 3202. Calculate w(2).
44
Let x(f) = 17097*f + 102606. Calculate x(-6).
24
Let t(o) = 2384*o - 28195. Calculate t(12).
413
Let j(i) = 2*i**3 + 333*i**2 + 2894*i + 232579. What is j(-162)?
-53
Let q(u) = 5*u**3 + 201*u**2 - 313*u - 6118. Determine q(-41).
-9
Let s(n) = -20924*n - 544040. Calculate s(-26).
-16
Let w(c) = 5*c**3 + 68*c**2 + 470*c + 24. Give w(-10).
-2876
Let j(f) = -2*f**3 + 22*f**2 + 22*f - 241. Give j(11).
1
Let u(r) = 46*r**2 - 338*r - 71. What is u(8)?
169
Let b(h) = -4361*h + 26232. Calculate b(6).
66
Let z(a) = a**2 - 30*a - 1008. What is z(50)?
-8
Let a(c) = -c**3 + 6*c**2 + 7*c - 74. Determine a(6).
-32
Let z(k) = -11651*k + 34795. Determine z(3).
-158
Let j(t) = -212958*t + 638876. Give j(3).
2
Let r(w) = -9852*w - 522125. Calculate r(-53).
31
Let n(p) = -88*p**2 - 15*p - 21. Calculate n(-2).
-343
Let l(r) = -r**3 + 13*r**2 + 120*r - 311. Give l(3).
139
Let f(z) = -1520*z + 1821. What is f(1)?
301
Let m(v) = 155*v**2 - 4607*v + 57. Give m(30).
1347
Let u(s) = 4615*s**2 + 64564*s - 613. What is u(-14)?
31
Let m(s) = -8*s**2 - 39185*s - 585962. What is m(-15)?
13
Let t(g) = -32*g**2 + 2373*g - 906. Calculate t(74).
-536
Let v(k) = -2*k**3 - 346*k**2 - 357*k - 2222. Calculate v(-172).
14
Let g(x) = -26954*x + 54129. Give g(2).
221
Let d(l) = -521*l + 54450. Determine d(103).
787
Let g(r) = -46*r**2 + 920*r - 3446. What is g(5)?
4
Let o(m) = m**3 - 8*m**2 + 48*m - 1339. Give o(13).
130
Let o(d) = -14*d**2 + 517*d - 5966. What is o(13)?
-1611
Let g(w) = -3*w**2 + 279*w + 5339. Give g(-16).
107
Let x(m) = 6*m**2 - 68624*m + 411694. What is x(6)?
166
Let h(z) = -3*z**3 + 589*z**2 + 424*z - 5909. Calculate h(197).
1
Let d(k) = -64*k**2 - 382*k - 18. Determine d(-8).
-1058
Let i(c) = -31*c**3 - 29*c**2 - 33*c - 6. What is i(-1)?
29
Let r(a) = 2*a**3 - 10*a**2 - 100*a + 54. Calculate r(16).
4086
Let t(b) = 10840*b - 22270. Give t(2).
-590
Let j(p) = -2*p**2 + 7730*p - 6473655. What is j(2638)?
-3
Let w(b) = 33*b**2 - 21905*b + 82523. Give w(660).
23
Let q(r) = 2*r**3 + 69*r**2 + 26*r + 308. Determine q(0).
308
Let v(l) = l**3 + 130*l**2 + 134*l - 1480. What is v(-129)?
-2125
Let p(c) = c**2 + 7360*c + 66112. Calculate p(-9).
-47
Let h(f) = -18*f**2 - 4702*f - 32840. Give h(-254).
180
Let b(y) = -438*y + 3186. Determine b(8).
-318
Let x(p) = -555927*p - 3335455. Give x(-6).
107
Let n(t) = -t**3 - 156*t**2 - 6*t - 1035. Calculate n(-156).
-99
Let r(l) = -608*l + 11620. Give r(19).
68
Let u(q) = -707*q - 12729. Give u(-18).
-3
Let n(r) = -r**2 + 133*r + 5268. Calculate n(165).
-12
Let u(m) = -4*m**3 + 4513*m**2 - 1700*m + 645210. Calculate u(1128).
-6
Let c(w) = -240*w - 63023. Give c(-262).
-143
Let q(u) = 2459*u - 14439. Give q(6).
315
Let z(q) = -3*q**3 + 584*q**2 + 2593*q - 1612. Determine z(199).
-418
Let t(o) = -8*o**2 + 4912*o - 48315. Determine t(604).
5
Let p(u) = -163*u + 3497. Give p(21).
74
Let y(q) = 19*q**2 + 122*q - 304. Determine y(-10).
376
Let r(v) = -6*v**2 - 143*v - 287. Calculate r(-2).
-25
Let g(n) = -756*n + 19546. Determine g(26).
-110
Let u(v) = -133*v + 24862. Give u(188).
-142
Let d(n) = -2*n**3 - 2*n**2 + 121*n - 4. Determine d(11).
-1577
Let w(f) = f**2 + 742*f + 46909. Determine w(-672).
-131
Let i(u) = 24*u - 3422. Calculate i(100).
-1022
Let o(j) = -3854*j + 27743. Calculate o(7).
765
Let x(d) = d**2 + 3218*d + 79814. Determine x(-25).
-11
Let b(h) = -10*h**2 + 2318*h + 134314. Calculate b(-48).
10
Let i(t) = 6612*t - 6616. What is i(1)?
-4
Let s(f) = -f**3 - 38*f**2 - 300*f + 866. Calculate s(-24).
2
Let i(h) = -7*h**2 + 174*h + 2085. Give i(33).
204
Let j(h) = -3*h**3 + 27*h**2 + 5*h - 328. Determine j(7).
1
Let d(i) = 8370*i - 10387175. Calculate d(1241).
-5
Let i(j) = 6*j**3 - 230*j**2 + 84*j - 206. What is i(38)?
98
Let x(b) = -2806931*b - 19648514. Determine x(-7).
3
Let b(i) = -7*i**2 - 176425*i + 352851. Calculate b(2).
-27
Let h(g) = 961*g**2 + 11635*g + 1211. What is h(-12)?
-25
Let m(i) = 164*i - 11296. Give m(69).
20
Let a(n) = 1983385*n + 9916927. Calculate a(-5).
2
Let v(b) = -8*b**3 + 57*b**2 - 40*b + 765. What is v(8)?
-3
Let k(w) = 436840*w - 1747348. Calculate k(4).
12
Let b(i) = 977627*i + 977634. Give b(-1).
7
Let q(k) = -13*k**2 + 4112*k - 192952. Calculate q(259).
3
Let z(f) = -2658*f + 22268. Give z(9).
-1654
Let q(b) = -4871*b + 1251976. Determine q(257).
129
Let i(v) = -15825*v - 237376. What is i(-15)?
-1
Let q(k) = -2*k**2 - 218*k + 40540. Determine q(-207).
-32
Let p(b) = 8*b**3 + 7*b**2 - b - 65. Determine p(3).
211
Let r(o) = 25709*o - 411361. Determine r(16).
-17
Let u(x) = 6520*x**2 - 567245*x + 434. Determine u(87).
-1
Let m(v) = -95753*v + 9096519. Determine m(95).
-16
Let f(s) = -s**3 + 198*s**2 + 3821*s - 684181. Determine f(200).
19
Let z(r) = 5*r**3 + 2129*r**2 + 3805*r - 4660. Give z(-424).
4
Let u(q) = 13129*q - 354491. What is u(27)?
-8
Let x(d) = 5515*d - 104796. Give x(19).
-11
Let h(n) = -270*n - 10856. Determine h(-49).
2374
Let b(s) = -109198*s - 21402809. Determine b(-196).
-1
Let v(r) = 3*r**3 + 287*r**2 + 44*r + 13431. Give v(-96).
-9
Let a(m) = 18*m**2 - 21*m + 31. Determine a(-9).
1678
Let y(v) = 10053*v - 20708. Determine y(2).
-602
Let s(p) = 27*p**2 + 9858*p + 1094. Give s(-365).
-1
Let u(i) = -8*i**2 - 184*i - 206. Calculate u(-21).
130
Let z(c) = 1773*c - 861679. Calculate z(486).
-1
Let t(z) = 3*z**2 + 125*z + 1110. Determine t(-11).
98
Let u(d) = -2*d**3 + 6*d**2 + 169*d + 644. Determine u(-4).
192
Let b(s) = -7*s**2 - 542*s + 8227. Determine b(13).
-2
Let j(n) = -n**3 + 4*n**2 + 23*n + 133. What is j(11)?
-461
Let w(u) = 41*u**2 - 408*u - 111. What is w(10)?
-91
Let r(w) = 3088*w - 86357. What is r(28)?
107
Let o(d) = 1137*d + 16033. What is o(-14)?
115
Let x(s) = -9433*s - 245216. Calculate x(-26).
42
Let v(s) = 23953*s**2 + 886263*s + 91. What is v(-37)?
17
Let u(g) = 93341*g + 840050. What is u(-9)?
-19
Let y(n) = n**2 - 86*n + 1800. Give y(58).
176
Let o(i) = -i**3 - 25*i**2 - 33*i + 391. Calculate o(-23).
92
Let t(f) = -8728*f - 1588496. What is t(-182)?
0
Let o(x) = -606*x - 2985. What is o(-5)?
45
Let d(n) = -n**3 - 58*n**2 - 2589*n - 156306. Determine d(-59).
-74
Let x(l) = -21*l**3 + 294*l**2 + 205*l - 2847. What is x(14)?
23
Let a(w) = 6716*w + 342526. Calculate a(-51).
10
Let l(v) = -135*v**3 - 11*v**2 - 6*v - 9. What is l(-2)?
1039
Let w(i) = 173*i**3 + 4*i**2 + 29*i + 38. Calculate w(0).
38
Let g(x) = 789*x + 2176. Calculate g(-1).
1387
Let f(y) = -2*y**3 - 41*y**2 + 29*y + 30. Calculate f(-21).
-138
Let w(z) = -24*z**3 - 455*z**2 + 16*z - 110. What is w(-19)?
-53
Let l(c) = -189*